7912?
9
What is the millions digit of 2469178514?
9
What is the billions digit of 1490973933?
1
What is the hundred thousands digit of 5551245757?
2
What is the hundreds digit of 4450250308?
3
What is the tens digit of 1163491900?
0
What is the tens digit of 123674510?
1
What is the millions digit of 1278030874?
8
What is the ten millions digit of 1842539664?
4
What is the millions digit of 7351218?
7
What is the ten millions digit of 10442334?
1
What is the millions digit of 66132577?
6
What is the hundred thousands digit of 5889726520?
7
What is the hundreds digit of 44132064?
0
What is the hundreds digit of 2526345120?
1
What is the tens digit of 2019037061?
6
What is the millions digit of 883432473?
3
What is the hundred millions digit of 230228713?
2
What is the billions digit of 1340756297?
1
What is the units digit of 716374587?
7
What is the billions digit of 2165731748?
2
What is the tens digit of 1183439608?
0
What is the tens digit of 2215310877?
7
What is the hundreds digit of 1418423140?
1
What is the hundred thousands digit of 9361294?
3
What is the units digit of 8808685?
5
What is the hundred millions digit of 974884035?
9
What is the thousands digit of 62010746?
0
What is the hundred thousands digit of 237105002?
1
What is the hundred millions digit of 419035439?
4
What is the tens digit of 1721697529?
2
What is the ten millions digit of 102944835?
0
What is the ten thousands digit of 658010385?
1
What is the hundreds digit of 734089956?
9
What is the hundred thousands digit of 2952836781?
8
What is the units digit of 230070640?
0
What is the units digit of 2989385447?
7
What is the hundred millions digit of 447109227?
4
What is the units digit of 25758617?
7
What is the millions digit of 123888506?
3
What is the ten millions digit of 32141270?
3
What is the hundred millions digit of 2248233647?
2
What is the units digit of 2470486623?
3
What is the hundreds digit of 102519943?
9
What is the ten millions digit of 2429125483?
2
What is the hundreds digit of 6888782?
7
What is the units digit of 6511105?
5
What is the tens digit of 5241520587?
8
What is the ten thousands digit of 74114550?
1
What is the ten millions digit of 461113648?
6
What is the thousands digit of 173770165?
0
What is the tens digit of 1662012100?
0
What is the tens digit of 40296744?
4
What is the hundreds digit of 856562394?
3
What is the thousands digit of 474778289?
8
What is the ten thousands digit of 502495290?
9
What is the hundred millions digit of 364198974?
3
What is the tens digit of 14464333?
3
What is the ten thousands digit of 68877010?
7
What is the thousands digit of 983483758?
3
What is the units digit of 59288785?
5
What is the hundreds digit of 663763601?
6
What is the units digit of 15017515?
5
What is the units digit of 7229296906?
6
What is the hundred thousands digit of 940863148?
8
What is the tens digit of 645763989?
8
What is the hundred thousands digit of 1728033419?
0
What is the hundred thousands digit of 448208846?
2
What is the ten millions digit of 57144285?
5
What is the hundred millions digit of 517679249?
5
What is the tens digit of 18556407?
0
What is the ten thousands digit of 166682943?
8
What is the units digit of 39134869?
9
What is the ten millions digit of 4235050064?
3
What is the tens digit of 56497423?
2
What is the units digit of 1234968599?
9
What is the billions digit of 1321785005?
1
What is the ten thousands digit of 7510711?
1
What is the hundred millions digit of 1082721841?
0
What is the hundred thousands digit of 172625817?
6
What is the ten millions digit of 306353444?
0
What is the hundred thousands digit of 273736825?
7
What is the hundred thousands digit of 267945305?
9
What is the hundred millions digit of 177214320?
1
What is the hundreds digit of 4174468480?
4
What is the ten thousands digit of 906713884?
1
What is the ten thousands digit of 975579499?
7
What is the millions digit of 5037960?
5
What is the hundred thousands digit of 72772505?
7
What is the tens digit of 59032719?
1
What is the ten millions digit of 51433862?
5
What is the hundreds digit of 56850160?
1
What is the ten millions digit of 332256160?
3
What is the hundreds digit of 690845849?
8
What is the ten thousands digit of 66953292?
5
What is the hundred millions digit of 288773048?
2
What is the hundreds digit of 1091593168?
1
What is the ten thousands digit of 88454678?
5
What is the hundred thousands digit of 828815044?
8
What is the millions digit of 245769455?
5
What is the ten thousands digit of 130356347?
5
What is the ten millions digit of 1045209135?
4
What is the hundred thousands digit of 29112974?
1
What is the thousands digit of 117521354?
1
What is the hundred millions digit of 252566229?
2
What is the tens digit of 76856311?
1
What is the ten thousands digit of 74680355?
8
What is the ten millions digit of 36532405?
3
What is the tens digit of 6590068663?
6
What is the hundred thousands digit of 1072018790?
0
What is the hundred thousands digit of 112281625?
2
What is the ten thousands digit of 44655339?
5
What is the hundred millions digit of 615626749?
6
What is the millions digit of 61392477?
1
What is the units digit of 133112207?
7
What is the ten millions digit of 151470525?
5
What is the billions digit of 5236620368?
5
What is the hundred thousands digit of 15004676?
0
What is the ten thousands digit of 989388511?
8
What is the tens digit of 167379755?
5
What is the hundred thousands digit of 122279370?
2
What is the units digit of 28916028?
8
What is the ten millions digit of 621631711?
2
What is the hundreds digit of 8628693134?
1
What is the millions digit of 44432750?
4
What is the hundreds digit of 204916072?
0
What is the hundred thousands digit of 1390154847?
1
What is the units digit of 59208651?
1
What is the millions digit of 3384867381?
4
What is the hundred thousands digit of 445230444?
2
What is the millions digit of 237746503?
7
What is the thousands digit of 122446590?
6
What is the hundreds digit of 32468390?
3
What is the millions digit of 35693308?
5
What is the tens digit of 17762485?
8
What is the units digit of 128167159?
9
What is the hundred thousands digit of 526584787?
5
What is the millions digit of 45177634?
5
What is the thousands digit of 1326056120?
6
What is the tens digit of 6642111124?
2
What is the ten millions digit of 80123189?
8
What is the units digit of 2002847219?
9
What is the millions digit of 2205959652?
5
What is the tens digit of 556156393?
9
What is the millions digit of 296962552?
6
What is the millions digit of 2636843095?
6
What is the hundreds digit of 67493796?
7
What is the tens digit of 186314294?
9
What is the millions digit of 673895573?
3
What is the ten thousands digit of 93552962?
5
What is the ten thousands digit of 547257271?
5
What is the tens digit of 10513607?
0
What is the units digit of 20875920?
0
What is the hundred millions digit of 155581363?
1
What is the units digit of 596865295?
5
What is the ten thousands digit of 85619361?
1
What is the millions digit of 716101759?
6
What is the hundred thousands digit of 61454832?
4
What is the hundreds digit of 137586324?
3
What is the hundred millions digit of 7646442456?
6
What is the ten thousands digit of 1662966884?
6
What is the tens digit of 307010964?
6
What is the hundreds digit of 55363235?
2
What is the thousands digit of 270285781?
5
What is the ten millions digit of 1205180983?
0
What is the hundred thousands digit of 186352434?
3
What is the tens digit of 3214868657?
5
What is the ten millions digit of 306588563?
0
What is the units digit of 6586948933?
3
What is the units digit of 485783540?
0
What is the thousands digit of 1071646670?
6
What is the tens digit of 6993044?
4
What is the tens digit of 941491749?
4
What is the ten millions digit of 867581967?
6
What is the hundreds digit of 54447770?
7
What is the hundred millions digit of 2148940191?
1
What is the thousands digit of 1265235441?
5
What is the hundred thousands digit of 51979075?
9
What is the hundred millions digit of 408080156?
4
What is the hundred thousands digit of 56338921?
3
What is the ten millions digit of 85130542?
8
What is the tens digit of 110039846?
4
What is the hundreds digit of 31308556?
5
What is the 